ose 0*k = -5*k - 140. Let o = -24 - k. Suppose -3*s + 4*a = -256, -2*s - o*a + 46 = -98. What is the units digit of s?
0
Let w(h) = 62*h + 18. Let m be w(5). Let l = -178 + m. Let j = l + 151. What is the tens digit of j?
0
Let l(t) = t**3 + 20*t**2 + 19*t + 5. Let z(f) = -f**2 + f - 19. Let a be z(0). Let w be l(a). What is the hundreds digit of 511/w - (-1)/(-5)?
1
Let w(r) = 186*r + 1521. What is the tens digit of w(-6)?
0
Let i = 245 + -741. Let y = 719 + i. What is the tens digit of y?
2
Let h(q) = -19 - 16*q - 25 + 65. Suppose 3*m + 20 = -13. What is the tens digit of h(m)?
9
Suppose 0 = -4*d - f + 34182, 2*d - 4565 = 5*f + 12537. What is the units digit of d?
6
Let d = -90 - -94. Suppose -9*x = 3*g - d*x - 1090, -5*g + 1862 = -3*x. What is the hundreds digit of g?
3
Suppose a + 5*m = -4*a - 95, -a - 3*m - 21 = 0. What is the tens digit of 4/a + (-25776)/(-81)?
1
Let y(r) = -r**3 + r**2 - 9*r - 33. Let z be y(0). Suppose -b - 2*b = -105. Let i = b + z. What is the units digit of i?
2
Suppose -a = -62*v + 64*v - 54, 3*a = 5*v - 113. What is the units digit of v?
5
What is the ten thousands digit of 15819 - (-11 + 27 - 2)?
1
Suppose 3 = 2*y - 16*l + 13*l, -2*l = -2*y + 6. Suppose -y*d + 378 = 8*d. What is the tens digit of d?
2
Suppose 0*h - 3*h + 6*z = -21678, -z - 4 = 0. What is the tens digit of h?
1
What is the thousands digit of 5/(200/2265224) + 9/(-15)?
6
Let r = -351 + 2538. Suppose c - 4*u - 1458 = -c, 3*c - r = 5*u. What is the hundreds digit of c?
7
Let g(z) = -z**3 + 14*z**2 + 46*z - 31. What is the hundreds digit of g(-8)?
0
Let k = -21 - -80. Suppose -p = -5, 8 = 2*o - 3*p - k. What is the tens digit of o?
4
What is the thousands digit of -7550*(8 - 18/2)?
7
What is the units digit of (-22447035)/(-1125) - 6/(-75)?
3
Let n(i) = -2*i**3 - 23*i**2 - 63*i + 98. What is the ten thousands digit of n(-25)?
1
Let v(r) = -29*r**3 + r**2 - 5*r + 8. Let d(n) = 57*n**3 - 2*n**2 + 11*n - 16. Let a(q) = 4*d(q) + 9*v(q). What is the hundreds digit of a(-3)?
9
Let r(y) = -y + 331*y**2 - 332*y**2 + 7*y + 3*y**3 + 9. What is the hundreds digit of r(6)?
6
Let d be ((-1100)/(-75))/(4/(-12)). Let g(p) = 177*p**3 - p. Let q be g(1). Let y = q + d. What is the units digit of y?
2
Let g = -6034 + 11164. Suppose 11*u = 15635 - g. What is the units digit of u?
5
Suppose -2*j + m = -11, -4*j + 4*m = -j - 4. Let c be 32 - (-12)/8*j/6. Let n = c - 26. What is the units digit of n?
8
Let o(j) = j**3 - 86*j**2 + 45*j + 419. What is the hundreds digit of o(86)?
2
Let g be ((-99)/44)/((-12)/(-64)). Let s(y) = -3*y**3 - 27*y**2 + 5*y - 9. What is the thousands digit of s(g)?
1
Let i be (-195)/(-78)*(-32)/(-10). Suppose -z = -3*u + 231, -3*u + 216 = i*z - 4*z. What is the tens digit of u?
7
Suppose 220*r = -127*r + 10317351. What is the tens digit of r?
3
Suppose -5*d + 156 = 3*h, -3*h + 0*d - 4*d = -156. Suppose -p - 12 = g, 2*g + h = -2*g - 3*p. Let k = g + 52. What is the units digit of k?
6
Let c(i) = -i**3 + 33*i**2 - 16*i + 62. What is the hundreds digit of c(21)?
0
Let b be (3*-2)/2*72/27. Let i be 2/b + (3075/(-20) - 2). Let t = -105 - i. What is the units digit of t?
1
Let c(u) = 52*u**2 - 4*u - 4. Let j = 12 + -12. Suppose -2*w + 2*s + 8 = j, w - 2*s = 5*w + 14. What is the tens digit of c(w)?
5
Let b(k) = -59*k + 41. Suppose -40*d = -36*d + 28. What is the hundreds digit of b(d)?
4
Let n(b) = 1470*b**2 + 140*b - 18. What is the tens digit of n(-5)?
3
Let u = -758 + 1208. Let o = u - 183. What is the tens digit of o?
6
Let o(j) = -j + 13. Let v be o(12). Suppose 2*x - v = 11. What is the units digit of (855/x + 0)*(-12)/(-15)?
4
Let s(c) = -4*c + 4. Let m be s(7). Let k be m/(-6) - -2*223. Suppose -4*t + 393 = -5*v, -3*t = 2*t + 2*v - k. What is the tens digit of t?
9
Suppose -4*x = f - 171 - 3, f - 4*x - 150 = 0. Let t = 544 + -491. Suppose -t*y + f = -50*y. What is the units digit of y?
4
Suppose -8*z = 66 - 170. Let f(m) = 10*m**2 - 17*m + 78. What is the hundreds digit of f(z)?
5
Let g = 12146 + -8301. What is the tens digit of g?
4
Let o(h) be the first derivative of -h**4/4 + h**3/3 + 2*h**2 + 1058*h + 39. What is the hundreds digit of o(0)?
0
Let q = 2470 + 3780. What is the thousands digit of q?
6
What is the ten thousands digit of 30/(-90)*(1 - (-110172)/(-3))?
1
Let f be 40/(-8)*(0 + -4 + 3). Suppose -3*i + 13 = f*b - 153, -i = 4*b - 53. What is the units digit of i?
7
What is the units digit of 3*218 - (-11 + 43 - 31)?
3
Let c(s) = -2*s**3 - 13*s**2 - 13*s + 21. Let x be c(-8). Let b = 118 + x. What is the hundreds digit of b?
4
Let w = -94 + 39. Let l = w - -118. What is the units digit of l/14*(-2)/(-3)?
3
Let t(y) = -y**2 - y - 268. Let l be t(0). Let a = l - -100. What is the tens digit of (-6264)/a + 2*2/(-14)?
3
Suppose 0 = 3*v + 4*h - 4912, -h = v + 3*h - 1624. Suppose -630*b = -626*b - v. What is the tens digit of b?
1
Let m = -107268 - -188336. What is the hundreds digit of m?
0
Let t(v) = -14*v**2 - 4*v**2 + v**3 + 806 + 15*v - 765. Let d be t(17). Let c(p) = 27*p - 77. What is the tens digit of c(d)?
1
Suppose -4*m + 9476 = -4*w, -7*m + 5*w = -4*m - 7099. What is the thousands digit of m?
2
Suppose -18*i + 439413 = 2*i + 19*i. What is the units digit of i?
7
Suppose 2*d + 8 = 0, -29*k - 5*d + 53772 = -25*k. What is the tens digit of k?
4
Suppose 3*j - 6475 = -4*s + 25423, 5*j - 15928 = -2*s. What is the tens digit of s?
7
What is the hundreds digit of (-12 - 5) + 6 - -4948?
9
Let s = 40929 - 6189. What is the tens digit of s?
4
Suppose -p + 55 - 38 = 4*i, 5*p = 5*i + 60. Suppose -p*w - 7*w + 23460 = 0. What is the hundreds digit of w?
1
Let m(y) = -43*y + 21. Suppose 2*k = -2*d - d - 9, 11 = -k + 5*d. Let u be m(k). Suppose 5*i - 106 = -l, -4*l + 129 + u = 4*i. What is the tens digit of l?
0
Let t(o) = -2*o + 27. Let m be t(12). Suppose 495 + 33 = m*p. Let h = p + -105. What is the units digit of h?
1
Let m(y) = 2086*y**2 + 43*y - 123. What is the units digit of m(3)?
0
Let o(q) = -61*q + 75. Let l(h) = -4*h + 59. Let g be l(17). What is the tens digit of o(g)?
2
Suppose 3*c - 2*q + 19 = 0, -q - q - 1 = c. Let r(k) = k**2 + k - 649. Let j be r(0). What is the tens digit of j/c - (-1)/5?
3
Let j(d) = 1352*d**2 + 1020*d - 2045. What is the tens digit of j(2)?
0
Let v(l) = -l**3 + 3*l**2 + l - 1. Let b be v(3). Suppose b*m + 405 = g - m, -4*g = -5*m - 1606. What is the units digit of g?
9
Let d = -11822 - -46299. What is the thousands digit of d?
4
Suppose -4*b + 4*a + 204098 = -a, 4*b - 204050 = -3*a. What is the hundreds digit of b?
0
Let a(i) = -71*i**2 - 2*i + 7101. What is the tens digit of a(0)?
0
Let q = -222 - -118. Let p = q + 309. Let g = p + -118. What is the tens digit of g?
8
Suppose -2*l + 51559 = -3*c, 1640*l - 1641*l - c + 25792 = 0. What is the tens digit of l?
8
Let d be 0/1*(-15 - -16). Suppose d = 2*z + 24 - 10. Let k = z + 211. What is the hundreds digit of k?
2
What is the thousands digit of (20481 + 3)*(-14)/(-63)?
4
Suppose 4*z + 2*j - 20 = -2*j, 3*j = 2*z. Suppose -2*c - 4*q + 0*q + 274 = 0, -q - 397 = -z*c. Suppose c = 4*h - 179. What is the units digit of h?
8
Let i be (-20 + 20)/(3 - 1). Suppose i = -10*v + 12*v - 362. Suppose 0 = -4*z + 573 - v. What is the tens digit of z?
9
Let m = -9565 + 9725. What is the hundreds digit of m?
1
Suppose 99*w - 80*w = 43396. Let g = w + -1097. What is the hundreds digit of g?
1
Suppose 2*z - 4*c + 340 = 0, -z + c = -0*c + 171. Let i = z - -934. What is the hundreds digit of i?
7
Let o(c) = 5*c**2 - 4*c - 31. Let y be o(-4). What is the tens digit of 10/(y/21 + -3)?
0
Let v(g) = -g**2 - 2*g + 4. Let k be v(-4). Suppose 44*t - 42*t = 4*r - 8, -19 = -2*t - 5*r. What is the units digit of 70/2 - t - 8/k?
5
Suppose -13748 = -6*w - 5*w - 493. What is the tens digit of w?
0
Let w be 3173 + -4 + 6 + (2 - 3). Suppose 16*d = 10*d + w. What is the hundreds digit of d?
5
Let y be (-3)/3 - (6 + -7 - 3). Let r = y + 2. What is the units digit of r?
5
Let h(g) = 289*g**2 - 28*g - 3. What is the tens digit of h(5)?
8
Let j be ((6 - -1) + -8)*3. What is the hundreds digit of -5 - (3 - (-1944)/(-3) - j)?
6
Suppose 0 = -8*n - 7*n - 2040. Let b = 415 + n. What is the hundreds digit of b?
2
Let t = 163 - -8. Suppose 5*y + 69 = -t. What is the tens digit of 2*-4 + 4 - y?
4
What is th